 (-3 - 57).
-63
What is the value of (-3 - 4) + (-97 - -179) - -36?
111
Calculate -25 + -207 - -270 - (0 + -1 + 1 - 7).
45
Evaluate -71 + (89 - 86) + 83.
15
What is 1 + -119 + (-5 + 43 - 18) + -12?
-110
8 - (28 + 3 - (48 - 22 - 46))
-43
Evaluate -35 - -42 - 37 - -43 - 38.
-25
(-79 - -79) + 0 + 22 + -12 + -105
-95
What is (-102 - (-24 - -51)) + 13 + 27?
-89
What is 37 - (-3 + (2 - 0)) - (-31823 - -31844)?
17
Calculate 18 + -27 - (50 + 8 - 12).
-55
What is the value of 749 + -846 + -1 + -2 + 2 + -2?
-100
Evaluate (6 + -7 - 33) + (-194 - -190).
-38
Evaluate (1 - 4) + 6 + -6 + 8 + -5 + -22.
-22
What is the value of 18 + -56 + -58 + (-3 - 0) + 3?
-96
Evaluate (-1 - 0) + -30 - (2448 - 2540).
61
Calculate -34 + 67 + -48 - (-54 - (0 - -3)).
42
91 + (-35 - -15) + -21
50
-1 + -2 - (-897 - -937)
-43
Calculate -4 - (1 - (19 + -51 - -19)) - -102.
84
(89 - 0) + (-18 - (-3 + 8))
66
What is -10 - ((12 - (4 - 0 - 5)) + 57)?
-80
Calculate (-16 - (30 + -43) - -28) + -7 + 28.
46
Calculate -33 + (-26 - (-27 + 11)) + 15.
-28
What is 8 - 13 - ((-5 - (-5 - -5)) + 5 + 3)?
-8
Calculate 24 + 20 + -27 + -14 + 33.
36
What is 42 + -3 - ((-7 - 7) + 70 + -59)?
42
Calculate 47 - ((-41 - -4) + -69 + 89).
64
What is the value of (35 - -47) + -61 + 23?
44
What is the value of 9 + 12 + (7 - 24) + 4 - (-2 - -53)?
-43
Evaluate -16 - (-59 + -20) - 5.
58
Evaluate -15 - (-55 - -17) - (2 + -5 + (-6 - -6)).
26
Evaluate -6 - (67 - 70 - -29).
-32
32 - ((-12 - 1) + (92 - 21 - 64))
38
Evaluate (0 - (0 + 1)) + 6233 + -6213 - 34.
-15
What is the value of -49 - (3 + -48 - -26) - (-11 + 0)?
-19
What is 6 - (13 + -3 + 11 + (3 + 6 - 83))?
59
What is (-1 - (9 - 4)) + (-32 - (3 + 7))?
-48
What is (26 - 86 - -47) + (-33 - -2)?
-44
19 - ((5 - (29 - 26)) + (0 - 14))
31
Calculate -29 + 63 + (-74 - -42) + 6 + 2.
10
Evaluate -4 - 3 - (-15 - -3) - (47 - -1).
-43
What is the value of 23 + 0 - ((29 - -28) + -52 + 14)?
4
What is 12 - (2 + 6 + 11 + -13)?
6
Calculate 25 + (-36 - -15) - (30 + -2).
-24
Calculate -6 + -103 + (-13 - (-8 - 3 - (-7 + 8))).
-110
(-124 - -220) + -30 + -135
-69
What is the value of -8 + (15 - 4) + 18 - -2?
23
What is (11 - (1 - -24 - (-118 + 125))) + -1 + 55?
47
Calculate 26 + 4 - (4 - 3 - -28).
1
What is the value of -34 + 12 + 11 + 7 + -8 - -141?
129
131 + -129 + -82 - 46
-126
Calculate 35 + 1 - (-119 + (-12 - -140)).
27
8 + (-29 + 23 + 34 - 26)
10
Calculate 69 - -2 - (6631 + -6556).
-4
What is the value of -9 + -3 + 11 + 1 + 1 + 9 + -26?
-16
What is the value of -9 + ((0 - -14) + -12 + -59 - -14)?
-52
What is the value of -2 + 85 + (100 - (181 - 62))?
64
What is the value of 2 + 2 + -3 - (-22 + -2 + 31 + -7)?
1
Evaluate 27 + -27 - 26 - -25 - (-1 + -6 - -2).
4
Calculate (52 - 47) + -10 + 2 + -40.
-43
What is the value of 2 - 58 - (-6 - 10)?
-40
What is the value of -18 + 49 - 9 - 5 - 11?
6
Evaluate -616 - -468 - -147 - (-1 - 0 - -27).
-27
What is the value of -126 + -43 - -79 - -156?
66
What is (-134 - -61) + (0 - 4) + -15?
-92
Evaluate 8 - (10 + -20) - (-8 - 11).
37
What is the value of 2 - 3 - (-32 - 11 - -47)?
-5
What is the value of 20 - (-8 + -8 + 10 + 2 + -8 + 3)?
29
58 - (16 + (4 - (-1 - -11) - -1))
47
What is the value of 2 + -2 + (48 - -11 - 13) + -8 + 1?
39
What is the value of 2 - (3 + -8) - (452 - 538 - (-7 - 0))?
86
Calculate 6 - (-47 - 14 - -47).
20
Calculate -25 + -7 - (-90 - (32 - 24)).
66
What is the value of -33 - (26 + -7 - 44)?
-8
Calculate 12 + (-20 - -11 - -3) + (-37 - -3).
-28
Evaluate -11 - ((-8 + 9 + -32 - -21) + 19).
-20
(-22 - -11) + (11 + 1 - 11)
-10
Evaluate (5 - 2) + -3 + -7 - (-43 + (23 - -62)).
-49
5 - 11 - (-37 + 8 + -8 + -1)
32
27 + (50 - -17) + -16
78
What is (-97 - -8) + (12 - 9) + (-1 - 1) - -5?
-83
Evaluate 1 - (-6 + (21 - (25 - 2)) + (-53 - 1)).
63
What is the value of (-39 - (-1 - 0)) + -143 + -37 + 183 - 1?
-36
Calculate -21 + (26 - (23 + -13 - -5)) + -42.
-52
What is the value of 2 + 3 + -6 + 0 + 3 + -85 + 41?
-42
Evaluate -19 + 77 + -70 - -3.
-9
What is (-41 - (-56 - -74)) + 32?
-27
Evaluate (32 + -2 - 7 - 10 - 6) + -26.
-19
(-103 + 211 - (23 + -6)) + -22
69
What is the value of (-5 - -38 - (9 + -1 + 54)) + (1 - 8)?
-36
Evaluate -114 - (-4 + (-63 - 2) + 35).
-80
What is (-486 - -675) + (-136 - 15)?
38
Evaluate -2 - (-1 - -31 - 39 - ((2 - 1) + -52)).
-44
What is -28 - 1 - (-21 - (2 + (23 - 13) + -21))?
-17
Evaluate -8 + -94 - (80 - 65 - -2).
-119
What is the value of 2 + 118 + 208 + -141 + -86?
101
What is -91 - (-41 - 57) - (14 + 0)?
-7
Calculate -2115 + 2014 + 22 + -3.
-82
What is the value of -84 + 94 + 25 - -31?
66
11 - (16 + -6 + (37 - -7))
-43
What is the value of 1 + -27 + -8 + 95 + (4 - -2 - -2)?
69
What is 40 - 28 - (-51 + 62) - (-2 - -104)?
-101
14 + -66 + -84 + 126
-10
What is the value of 19 - (38 - 39 - (-4 - -2 - (-9 + 1)))?
26
What is -4 - (70 - (166 - 33))?
59
-114 + (-200 - -202) + (-2 - -1) + 18
-95
106 - (-1 - 1 - (756 - 794))
70
Evaluate -5 + (2 - (-10 - (6 + (10 - 16)))).
7
What is (15 - 25 - (11 - 38)) + (-8 - (6 - 3))?
6
What is the value of (19 + (24 - 22) - (0 - -24)) + 0 + -3?
-6
Calculate 2 - 3 - -4 - -76 - (75 + -18 + -51).
73
-8 - (67 - 97) - 57
-35
What is the value of -3747 + 3760 - (57 + 2 + (2 - 4))?
-44
-17 + (-1 - (3 - (9 + -3))) + -1189 + 1276
72
(5 - -83) + -37 - 67
-16
226 + -255 - (1 - ((1 - 1) + 4))
-26
Calculate 4 - (7 + -1 + -47 + 41 - -16).
-12
Calculate 25 + 30 + 8 + -59.
4
Evaluate 1 + 6 + -89 + -18 + 93.
-7
What is the value of 43 + (-48 - 8) + -5?
-18
Calculate (-1 - -5) + (-27 - -37) + 2 + -116.
-100
What is -11 + -1 + -126 - (-26 - -2)?
-114
Evaluate 56 - (99 - 27) - -56.
40
What is the value of (-5 - -2 - (-3 - -8)) + (302 - 308)?
-14
-84 - (11 - (20 + -10 + (-12 - -1)))
-96
What is the value of 25 + (-4 - -3) - (-34 + 48)?
10
Calculate (-23 - (-5 - 25)) + -24.
-17
What is the value of -18 + (-15 - 1 - (-400 + 401))?
-35
Evaluate (-6 - 5) + -8 + 18 + -106 + -4 + -15.
-126
Calculate -28 - (-4 + 11) - (-28 - -5).
-12
What is the value of -115 + (31 - (38 + -66))?
-56
Calculate 11 + ((-15 - 2) + (6 - (-8 + 4)) - 55).
-51
What is 17 + -25 + 31 + 2 + -11 - 1?
13
Evaluate 10 + (-2 - -1) + -8 + (2 - -1) + -34.
-30
Calculate ((-3 - -2) + -9 - (39 - (185 + -130))) + -72.
-66
Evaluate 10 + (-2 - 18 - (34 - 139)).
95
What is the value of (55 - 38) + -14 + 25?
28
Calculate 5 - (-29 + -7 + 5 - (-85 + 100)).
51
Evaluate -696 - -679 - (-4 + 0 + -24).
11
Calculate 32 - (30 + 14) - (27 + -1 + 4).
-42
(10 - -15 - 4) + 45 + (1 - 7)
60
-17 - ((-1673 - -1671) + (3 - (2 - 3 - 1)))
-20
-7 + (4 - (0 + 14)) - (-14 + 2)
-5
-12 - (43 - 95 - -38)
2
Evaluate (-13 - 38) + 47 + -14.
-18
What is the value of (17 + -2 - (7 - 1)) + (-17 - 104) + 6?
-106
Evaluate (101 - 141) + 15 + 0 + 2.
-23
Evaluate 55 - ((-51 - 0) + 127).
-21
What is -52 - (-53 + 2) - -26?
25
1 - -22 - (-21 + (-7 + -14 - -84))
-19
Evaluate 112 + -295 + 109 + 48.
-26
Calculate 0 - 59 - (31 + 22 - 21).
-91
What is 24 + 2 - ((4 - (18 + -11)) + 10)?
19
What is 37 + -62 + -9 - 11 - 28?
-73
Calculate (368 - 333) + 2 + 0.
37
What is 2 - (-95 + (17 - -59)) - (1 + -42)?
62
Calculate (0 - -3 - (417 + -377)) + (3 - 13).
-47
What is the value of -11 - ((-65 - -8) + (-7 - (-5 + -10)))?
38
-2 + (11 - 1) + -2 - (-64 + (39 - -13))
18
Evaluate -35 - 1 - (9 + -20 - -20 - 18).
-27
What is the value of (-3 - (5 - 10)) + 61 + (29 - 16 - 21)?
55
What is -118 + 113 + (-1 - (5 - 8 - -72))?
-75
What is the value of -17 + 21 + -13 + (0 - -55)?
46
Calculate -3 + 1 - ((-42 - 50 - -34) + -6).
62
What is the value of 19 + (-4 - -7) + 5 + (26 - 35)?
18
Evaluate -1 - -8 - (-187 - (-283 + 101)).
12
What is (42 - -1 - (27 + 26 - 51)) + (1 - 5)?
37
What is -1 - (-13 - (49 - 30 - 38))?
-7
Calculate 18 - (23 + -34 + (15 - -10)) - -113.
117
What is the value of (-19 - -10) + (-43 - -78) + 10?
36
Calculate -7 - -14 - (22 - 10) - (1 - -5) - 3.
-14
Evaluate 247 + -515 + 304 - (11 - -1 - -1).
23
What is the value of -19 + 41 + (-23 - -5) - -34?
38
Calculate 65 + -61 + (89 - 18) + -34.
41
What is 121 + (32 - 56 - 20)?
77
Calculate (869 - 872) + (-37 - -5).
-35
Calculate (-29 - (-108 + 45)) + -19.
15
Calculate -18 - 66 - (-5 + 2 + 1) - -8 - 5.
-79
Evaluate -59 + (-2 + -6 + 13 - (-11 + 12 + 11)).
-66
6 + 3 + -17 + 0 - (-29 + (3 - 7))
25
16 - ((-5 - -11 - 6) + -97 + 13)
100
(5 + 9 - (34 - 41)) + -1